e the remainder when l is divided by 17.
15
Suppose 6*m = 2*m + 3*k + 216, -4*m - 3*k + 216 = 0. Suppose -m = -7*x + x. Calculate the remainder when 35 is divided by x.
8
Suppose 0 = -0*l + 3*l - 84. Let q = 0 - 9. Let d(w) = w**3 + 8*w**2 - 11*w - 3. Calculate the remainder when l is divided by d(q).
13
Suppose -5*x + 5*r + 461 - 81 = 0, -5*r + 46 = x. Calculate the remainder when x is divided by 21.
8
Calculate the remainder when 133 is divided by (-200)/(-5) - 112/(-28).
1
Suppose 3*n + 1 + 5 = 0. Let w(p) = p**2. Suppose -4*h - 4 = 0, 3*o = -0*o + 2*h + 17. Calculate the remainder when o is divided by w(n).
1
Let y = 16 + 7. Let u = y - -8. Calculate the remainder when u is divided by 7.
3
Suppose -2*n = -l - 4*n + 7, 3*l + n - 26 = 0. Suppose z - l = -1. Calculate the remainder when 14 is divided by z.
6
Let p = 618 - 524. What is the remainder when 368 is divided by p?
86
Suppose 15 = 3*o - b - 47, -2*o - b + 33 = 0. Suppose 10 = 2*u, -2*u + 10 = -2*x + 66. Let r = x - -2. Calculate the remainder when r is divided by o.
16
Suppose -455 = -5*o - 3*n, 0 = -4*o - 6*n + 3*n + 367. Let g = 45 - 27. Calculate the remainder when o is divided by g.
16
Suppose -n + 76 = 2*h - 3*n, 0 = -5*n. Calculate the remainder when 151 is divided by h.
37
Let b = -18 + 2. Let n = -13 - b. Suppose 4*j - n*d + 8*d = 369, j - 87 = -3*d. Calculate the remainder when j is divided by 25.
21
Suppose 2*z - 2 - 8 = 0, -4*z = -2*u - 108. Let d be 63 - (-1)/2*-2. Let n = u + d. Calculate the remainder when 52 is divided by n.
16
Let c = -1341 + 1860. What is the remainder when c is divided by 6?
3
Suppose -1723 - 1802 = -47*v. Suppose b + 4*z = 29 + 6, -b + 5*z = 1. What is the remainder when v is divided by b?
18
Let k be ((-54)/72)/((-2)/8). Calculate the remainder when (-6)/2 + k/((-9)/(-168)) is divided by 18.
17
Let c = 5 + 0. Suppose 2*x - 2*y - 82 = 0, -c*y = 3*x - 108 - 31. Suppose -x = -3*m + 2. Calculate the remainder when 26 is divided by m.
11
Let w(k) = k**2 + k + 3. Let f be -3*4/24*-92. Suppose -f = -3*p + x, 0 = p - 2*x - 10 + 3. Calculate the remainder when p is divided by w(-3).
8
Suppose 17*h - 9*h - 320 = 0. What is the remainder when h is divided by 26?
14
Let f = 43 + 82. What is the remainder when f is divided by 21?
20
What is the remainder when (30/(-9))/((-10)/645) is divided by 73?
69
Suppose -3*j + 0*j + 195 = 0. Suppose -z + b = 2*z - 51, -4*z + 5*b = -57. Calculate the remainder when j is divided by z.
11
Calculate the remainder when 117 is divided by -1 - -6 - 713/(-23).
9
Let w(r) = -r**3 + 14*r**2 - 12*r - 55. Calculate the remainder when w(9) is divided by 49.
46
What is the remainder when ((-20)/(-30))/((-4)/(-402)) is divided by 8?
3
Suppose 7*w = h + 40, 2*w = -h + 14 - 0. What is the remainder when 213 is divided by w?
3
Let m = -61 - -77. Let x(c) = 8*c**3 - 2*c + 3. What is the remainder when x(2) is divided by m?
15
Let z(q) = -q**2 - 3 + q**3 + 0*q**2 - 5*q**2 - 4 - 5*q. Let c be z(7). Suppose -c*f + 11*f = 92. What is the remainder when f is divided by 6?
5
Suppose 1 + 6 = -5*m - 4*t, 4*m - 4*t - 16 = 0. Suppose c - m - 4 = 0. Calculate the remainder when 18 is divided by c.
3
Suppose 4*v + 28 = 22*r - 17*r, 4*r + v - 14 = 0. Calculate the remainder when 8 is divided by r.
0
Calculate the remainder when 41 is divided by (-6)/(5 - -1) - -31.
11
Let q(u) = 2*u**3 - 62*u**2 + 219*u - 65. Suppose 4*r - 171 = r. What is the remainder when r is divided by q(27)?
9
Suppose -672*j = -673*j + 17. What is the remainder when j is divided by 3?
2
Calculate the remainder when 142 is divided by (5 + (-244)/16)*(-6 - -2).
19
Let u(b) = b**3 - 26*b**2 + 28*b - 54. Calculate the remainder when 57 is divided by u(25).
15
Let k = 31 + 83. Calculate the remainder when k is divided by 29.
27
Suppose 5 = -5*r, -4*r - 34 = -x + 16. Calculate the remainder when 318 is divided by x.
42
Calculate the remainder when (-6)/(30/(-1285)) - 4 is divided by 85.
83
Suppose 0*d + 4*d = -156. Let k = d - -49. Let r(i) = -i**2 + 12*i - 9. Calculate the remainder when r(6) is divided by k.
7
Let y be 6*(-1 - 3)/4. Calculate the remainder when 1436/28 - y/(-21) is divided by 26.
25
Let n(j) = -j**3 + 6*j**2 + 7*j - 30. Let l be n(8). Calculate the remainder when 3 + 5/((-15)/l) is divided by 17 + (1 + -2 - -3).
18
Let z be 2/((-12)/261) - (-2)/4. Let f = z - -160. What is the remainder when f is divided by 15?
12
Let m(l) = 21*l + 7. Let c be m(3). Let w = -105 + c. Calculate the remainder when (-7)/w + 204/5 is divided by 14.
13
Let p(k) = 14*k + 3. What is the remainder when p(4) is divided by (25/(-5))/(2*7/(-42))?
14
Calculate the remainder when 145 is divided by 8 + (-8)/(8/(-7)).
10
Calculate the remainder when (8172/14)/6 + 4/(-14) is divided by 36.
25
Let x = 6 + 58. Calculate the remainder when 180 is divided by x.
52
Suppose -401 = -p - 4*g, 7*p - 1981 = 2*p + 4*g. Calculate the remainder when p is divided by 25.
22
Let t be (17/3)/((-7)/21). Let w = t - -128. Calculate the remainder when w is divided by 16.
15
Let v(c) = 18*c + 160. What is the remainder when 519 is divided by v(-6)?
51
Let z = -11 - -14. What is the remainder when 57 is divided by (39/(-26))/(z/(-58))?
28
Let g = -19 + 95. Let o = -68 + g. What is the remainder when (8/(-5))/((-2)/25) is divided by o?
4
Suppose n = -2*q - 0*n + 1, n = 4*q + 1. Suppose 0 = -q*g - 4*g + 28. What is the remainder when 38 is divided by g?
3
Suppose 0 = 4*o - 3*o - 11. Suppose 4*w - d = 43, -w - 8 = -d - 3*d. Let g = o + w. Calculate the remainder when 112 is divided by g.
20
What is the remainder when (270/(-36))/(6/(-88)) is divided by 23?
18
Let p = -60 - -12. Let d = -32 - p. Calculate the remainder when 31 is divided by d.
15
Calculate the remainder when (7 - 66/9)/((-2)/138) is divided by 12.
11
What is the remainder when 3/(78/(-79) - -1) is divided by 24?
21
Suppose 0 = j + 3*j - 40. Suppose 15*f = 263 + 7. What is the remainder when f is divided by j?
8
Let a = -41 - -84. Suppose 83*i + 290 = 112*i. What is the remainder when a is divided by i?
3
Suppose 7*a - 8*a - 87 = -2*i, -3*i = a - 138. Calculate the remainder when 87 is divided by i.
42
Suppose 0 = -3*n - 6*n. What is the remainder when (-162)/18*(n - 12) is divided by 37?
34
Let z = 392 - 358. Suppose -4*a - l + 92 = 3*l, 2*a + l = 41. What is the remainder when z is divided by a?
16
Let q = -44 + 34. Calculate the remainder when 41 is divided by 5/q + 27/2.
2
Suppose k + 3*d = -d + 112, -k + 5*d + 67 = 0. What is the remainder when k is divided by 24?
20
Calculate the remainder when 220 is divided by 3/2 - (-12)/(96/284).
35
Let j(l) = 2*l**2 - 39*l + 202. What is the remainder when 75 is divided by j(9)?
10
Let x = -426 - -442. Calculate the remainder when x is divided by 8.
0
Let i = 3 - 0. Let t = -55 + 83. Let p = 38 - t. Calculate the remainder when p is divided by i.
1
Suppose q = -2 + 18. What is the remainder when 43 is divided by q?
11
Suppose u - 58 = -4*d, 22 + 4 = 2*d + 2*u. Calculate the remainder when 146 is divided by d.
11
Let z(h) = -2*h**3 - h**2 + 2*h - 7. Let g be z(3). Let y = g + 72. Calculate the remainder when 29 is divided by y.
5
Let i(z) = -z**3 + 17*z**2 - 44*z + 235. Let f = 42 - -3. Calculate the remainder when f is divided by i(15).
20
Suppose 45*s = 43*s + 2*m + 16, 0 = 5*m + 5. Let g(r) = -5*r - 4. Let f = 15 + -21. Calculate the remainder when g(f) is divided by s.
5
Let s(l) = -l**3 + l**2 - l + 4. Let a be s(0). Suppose -a*n - 4 = -112. Let j(u) = 2*u**2 + 15*u - 2. Calculate the remainder when n is divided by j(-8).
3
Let v = 859 + -846. What is the remainder when 398 is divided by v?
8
Let m(y) = y**2 - y - 9. Let s be m(-3). Suppose s*l + 66 = -0*l. What is the remainder when (2 - l)*4/8 is divided by 5?
2
Suppose -3*t - 7*d + 2*d = -119, t = 3*d + 49. What is the remainder when 149 is divided by t?
20
Suppose 15*c - 5*c - 760 = 0. Suppose -4*a + 28 = -2*y, -a + 3*a - 6 = 3*y. Calculate the remainder when c is divided by a.
4
Let y(z) = 2*z**2 + z - 2. Let c be y(-2). Suppose -9 = -5*g + 2*x, 5*g - 2 - c = 3*x. Calculate the remainder when 61 is divided by g + 8/(-4) - -15.
13
Let l = -25 + 30. Let o = l - 8. Calculate the remainder when 17 is divided by ((-5)/o)/((-7)/(-42)).
7
Let d = 9 + -4. Cal